-v**3 - 933*v**2 + 234637*v - 674. Give b(206).
-56
Let x(k) = -5327*k - 575304. What is x(-108)?
12
Let n(r) = -13*r**2 + 1148*r + 173. Give n(89).
-628
Let j(v) = -3*v**3 + 166*v**2 - 212*v - 231. What is j(54)?
-15
Let d(x) = -5244*x - 52120. Determine d(-10).
320
Let r(z) = 11*z**3 - 55*z**2 + 18*z - 8. What is r(5)?
82
Let n(i) = 8*i**2 + 388*i - 606. Give n(-50).
-6
Let m(r) = -10*r**2 + 43*r + 431. Calculate m(-13).
-1818
Let h(r) = 691*r + 1232. Determine h(-3).
-841
Let f(y) = -467*y**3 + 42494*y**2 + 278*y - 446. Calculate f(91).
9
Let d(f) = -f**3 + 47*f**2 + 340*f - 120. Calculate d(0).
-120
Let k(f) = f**3 + 32*f**2 - 580*f - 1988. What is k(-3)?
13
Let t(z) = z**3 + 34*z**2 + 28399*z + 877496. Determine t(-31).
10
Let n(z) = 6225*z - 37381. Determine n(6).
-31
Let l(k) = -3995*k + 91932. Give l(23).
47
Let u(t) = 10048*t - 10098240. Calculate u(1005).
0
Let y(x) = -20*x**3 - 363*x**2 + 67*x + 1172. Calculate y(-18).
-1006
Let q(a) = -9*a**2 - 49694*a - 99429. Calculate q(-2).
-77
Let s(x) = -16*x**2 - 60*x - 202. Give s(-4).
-218
Let i(d) = 3*d**2 + 503*d - 2035. Calculate i(4).
25
Let u(b) = -94*b**2 - 1793*b - 125. Calculate u(-19).
8
Let t(l) = -3*l**2 + 229*l - 4265. Determine t(35).
75
Let k(u) = -58*u**3 + 9069*u**2 + 5805*u + 633. What is k(157)?
5
Let s(i) = -i**3 - 10*i**2 + 141. Give s(3).
24
Let o(v) = v**2 + 11*v - 336. Calculate o(-17).
-234
Let x(z) = -6*z**2 + 239*z - 3250. Calculate x(14).
-1080
Let k(t) = 2*t**2 - 25775*t - 593950. Determine k(-23).
-67
Let m(w) = w**2 - 53*w - 1362. Determine m(63).
-732
Let i(s) = -24517*s + 367821. Calculate i(15).
66
Let a(y) = 31101*y - 715332. What is a(23)?
-9
Let b(r) = -r**2 - 24451*r - 48909. Determine b(-2).
-11
Let d(v) = v**3 + 40*v**2 + 364*v + 55. Calculate d(-28).
-729
Let v(m) = -28*m**2 - 3801*m + 64470. Calculate v(-151).
-7
Let h(t) = t**2 - 94*t + 1737. What is h(71)?
104
Let d(i) = -72063*i + 3026658. Determine d(42).
12
Let r(z) = -1583*z + 240629. What is r(152)?
13
Let w(q) = 2757*q + 30147. What is w(-11)?
-180
Let k(u) = u**3 - 62*u**2 + 538*u - 213. Calculate k(10).
-33
Let v(u) = -14*u**2 + 2534*u - 45098. Calculate v(161).
-18
Let g(n) = -5*n**2 - 114*n + 267. What is g(-20)?
547
Let w(t) = t**3 - 172*t**2 + 2387*t - 400. Determine w(15).
80
Let h(x) = 5*x**3 - 22*x**2 - 50*x - 292. What is h(7)?
-5
Let q(g) = g**2 - 4513*g + 49585. Determine q(11).
63
Let a(b) = 3*b**3 - 7*b**2 - 36*b + 29. Calculate a(8).
829
Let u(z) = -225*z - 44796. What is u(-200)?
204
Let f(h) = 183*h**2 + 295*h - 591. Calculate f(2).
731
Let x(l) = 502*l - 70284. What is x(140)?
-4
Let y(z) = z**3 + 35*z**2 + 298*z - 67. Determine y(-16).
29
Let d(h) = 59089*h**2 + 59065*h + 1. Give d(-1).
25
Let f(y) = -12*y**2 - 354*y - 528. Give f(-28).
-24
Let j(w) = -w**3 - 185*w**2 - 4573*w - 7684. Calculate j(-156).
-40
Let o(m) = 4*m**2 + 69*m - 717. What is o(13)?
856
Let f(n) = -n**2 + 7552*n + 106070. Calculate f(-14).
146
Let y(x) = 4*x**2 - 87*x + 377. What is y(15)?
-28
Let b(d) = 45*d - 2229. Determine b(57).
336
Let r(w) = -1527*w**2 - 13738*w + 28. What is r(-9)?
-17
Let u(h) = -58144*h - 290727. Determine u(-5).
-7
Let z(l) = 6268*l + 18403. Determine z(-3).
-401
Let b(g) = g**2 - 25186*g + 2258641. Determine b(90).
1
Let d(o) = o**2 - 42438*o + 2923437. Calculate d(69).
-24
Let k(g) = -1543*g + 7096. Give k(5).
-619
Let z(i) = 3*i**3 - 5*i**2 - 59*i + 4. Calculate z(6).
118
Let y(d) = 6573*d - 913642. Give y(139).
5
Let l(a) = -a**3 + 122*a**2 - 720*a + 52. Determine l(6).
-92
Let s(j) = -13*j**2 + 4193*j - 10562. Calculate s(320).
-2
Let m(h) = h**3 - 2*h**2 - 2611*h - 20344. Calculate m(-8).
-96
Let g(h) = 89*h - 9307. Determine g(127).
1996
Let t(j) = 207*j + 26360. Determine t(-127).
71
Let a(z) = 3962*z - 43617. What is a(11)?
-35
Let o(i) = 13607*i - 3401772. What is o(250)?
-22
Let j(y) = 84*y**2 - 170*y - 1250. Determine j(-7).
4056
Let a(g) = -75*g**3 - 3*g**2 - 27*g - 36. Calculate a(-2).
606
Let g(d) = -9*d**2 - 7027*d - 19434. Give g(-778).
16
Let q(u) = 2*u**3 + 9*u**2 - 52*u - 365. Calculate q(-8).
-397
Let n(s) = 32*s**2 - 3042*s - 18029. Calculate n(-6).
1375
Let v(k) = 55860*k - 4859818. What is v(87)?
2
Let l(a) = 4*a**3 - 26. Determine l(2).
6
Let y(f) = -f**2 + 75*f + 7134. Give y(-55).
-16
Let c(u) = -38034*u + 2928619. What is c(77)?
1
Let k(d) = 31*d**2 + 1918*d + 14746. Give k(-9).
-5
Let s(v) = -v**2 + 182*v - 8405. Calculate s(94).
-133
Let r(d) = -104*d - 27204. What is r(-245)?
-1724
Let q(t) = -4*t**2 - 1956*t + 164178. What is q(73)?
74
Let z(b) = -b**2 - 1893*b + 13300. What is z(7)?
0
Let s(o) = -o**3 + 17*o**2 + 219*o + 496. What is s(26)?
106
Let x(v) = 16725*v - 164951. What is x(10)?
2299
Let i(x) = x**2 - 3962*x - 107658. What is i(-27)?
45
Let v(s) = -7*s**2 + 2225*s - 56565. What is v(290)?
-15
Let g(x) = -x**3 - 204*x**2 - 219*x - 2535. Calculate g(-203).
713
Let o(w) = -2*w**3 - 22*w**2 + 140*w - 34. Calculate o(5).
-134
Let m(v) = -47275*v + 1323745. What is m(28)?
45
Let r(w) = -8*w**3 + 70*w**2 - 76*w + 7. Calculate r(1).
-7
Let g(o) = 4*o**3 + 16*o**2 + 125*o + 712. Give g(-8).
-1312
Let a(c) = c**3 - 100*c**2 + 1264*c + 1135. Determine a(85).
200
Let a(r) = -343*r**3 + 6*r**2 + 12*r + 4. Determine a(-2).
2748
Let q(g) = -8*g**2 - 415*g - 9236. Determine q(-23).
-3923
Let y(q) = 253*q - 19932. What is y(79)?
55
Let d(p) = 22888*p - 160691. Calculate d(7).
-475
Let u(b) = -b**3 - 51*b**2 + 218*b - 315. Give u(-55).
-205
Let t(g) = -g**3 + 866*g**2 + 14139*g - 23817. What is t(882)?
-3
Let i(q) = -65*q**2 + 735*q - 728. Give i(1).
-58
Let n(t) = 10551*t - 706900. Give n(67).
17
Let x(t) = t**3 + 14*t**2 + 7*t + 154. Calculate x(-14).
56
Let i(k) = -2*k**3 + 89*k**2 + 1739*k - 1023. Give i(-15).
-333
Let h(i) = 110256*i + 3087169. Determine h(-28).
1
Let w(p) = p**2 - 1837*p + 836842. Determine w(836).
6
Let n(b) = -1916*b - 2511. Give n(-1).
-595
Let s(q) = -23*q + 12796. What is s(556)?
8
Let d(u) = 2369*u - 90017. Give d(38).
5
Let z(d) = -3186*d + 95672. What is z(30)?
92
Let x(o) = -13*o**3 - 182*o**2 - 338*o - 2195. What is x(-13)?
2
Let w(q) = -56*q**3 - 13*q**2 + 11*q + 38. Calculate w(-2).
412
Let m(j) = 507*j + 6536. What is m(-12)?
452
Let j(d) = 2*d**2 + 137556*d - 550242. What is j(4)?
14
Let h(s) = 2*s**2 - 648*s - 1437043. What is h(-701)?
7
Let n(o) = o**3 + 18*o**2 + 186*o + 3366. What is n(-18)?
18
Let c(x) = -69738*x - 35287428. Determine c(-506).
0
Let i(x) = -2*x**3 + 126*x**2 + 25*x - 1794. Calculate i(63).
-219
Let s(o) = -74*o**2 + 2323*o + 1444. Calculate s(32).
4
Let q(d) = -6464*d + 1428536. Give q(221).
-8
Let l(v) = v**2 - 1172*v + 72981. Give l(1106).
-15
Let p(x) = 5*x**3 - 63*x**2 - 12*x - 181. Determine p(13).
1
Let m(k) = -955*k**2 - 3820*k + 8. Calculate m(-4).
8
Let k(g) = 23*g**2 - 324*g + 40. Calculate k(14).
12
Let r(z) = -86*z + 2789. Determine r(27).
467
Let z(v) = -134*v**3 - 3498*v**2 - 366*v - 43. Determine z(-26).
9
Let i(o) = -6600*o - 422426. Give i(-64).
-26
Let u(a) = 212313*a + 10191007. Calculate u(-48).
-17
Let y(v) = -7*v**2 - 2782*v - 220610. Give y(-288).
-2
Let u(a) = -91*a**3 - 6*a**2 + a. Calculate u(1).
-96
Let x(n) = -4871*n**2 + 19653*n + 8. Determine x(4).
684
Let s(f) = -60*f**2 - 14293*f + 11169. Calculate s(-239).
-64
Let v(b) = b**3 - 5*b**2 + 1232*b - 2451. Determine v(2).
1
Let u(p) = 1233*p + 17829. Determine u(-15).
-666
Let l(q) = 2*q**2 + 1513*q + 10396. Calculate l(-7).
-97
Let k(q) = 86*q**2 - 58*q + 200. Calculate k(4).
1344
Let n(z) = 47*z - 8265. Determine n(178).
101
Let s(i) = -14*i**2 + 2176*i + 15931. Give s(-7).
13
Let k(c) = 4*c**3 + 15*c**2 + 17*c + 90. Calculate k(-7).
-666
Let v(p) = -2*p**3 + 166*p**2 - 9110*p + 779348. Give v(84).
-4
Let r(b) = -b**3 - 8*b**2 + 154*b + 830. What is r(-5)?
-15
Let f(z) = -10*z**2 - 923*z + 4560. Calculate f(-97).
1
Let v(l) = -l**3 - 261*l**2 - 5564*l + 29412. Give v(-237).
24
Let g(n) = 38*n**2 - 31*n - 292. Give g(6).
890
Let u(i) = 2*i**3 + 1683*i**2 - 26578*i - 9425. Calculate u(-857).
2
Let z(j) = -178739*j + 8043256. Determine z(45).
1
Let x(c) = -c**3 - 25*c**2 - 123*c - 3966. Give x(-26).
-92
Let n(p) = -3*p**2 - 704*p + 2897. Calculate n(0).
2897
Let n(d) = 9529268*d - 66704872. What is n(7)?
4
Let o